{"id":279,"date":"2020-09-20T12:14:00","date_gmt":"2020-09-20T12:14:00","guid":{"rendered":"https:\/\/deconsagurain.com\/?page_id=279"},"modified":"2021-02-02T11:52:55","modified_gmt":"2021-02-02T11:52:55","slug":"politica-de-privacidad","status":"publish","type":"page","link":"https:\/\/deconsagurain.com\/?page_id=279","title":{"rendered":"Pol\u00edtica de privacidad"},"content":{"rendered":"\t\t<div data-elementor-type=\"wp-page\" data-elementor-id=\"279\" class=\"elementor elementor-279\">\n\t\t\t\t\t\t<section class=\"elementor-section elementor-top-section elementor-element elementor-element-1c478ae3 elementor-section-boxed elementor-section-height-default elementor-section-height-default\" data-id=\"1c478ae3\" data-element_type=\"section\" data-e-type=\"section\">\n\t\t\t\t\t\t<div class=\"elementor-container elementor-column-gap-default\">\n\t\t\t\t\t<div class=\"elementor-column elementor-col-100 elementor-top-column elementor-element elementor-element-59a5614a\" data-id=\"59a5614a\" data-element_type=\"column\" data-e-type=\"column\">\n\t\t\t<div class=\"elementor-widget-wrap elementor-element-populated\">\n\t\t\t\t\t\t<div class=\"elementor-element elementor-element-14d1b9e elementor-widget elementor-widget-text-editor\" data-id=\"14d1b9e\" data-element_type=\"widget\" data-e-type=\"widget\" data-widget_type=\"text-editor.default\">\n\t\t\t\t<div class=\"elementor-widget-container\">\n\t\t\t\t\t\t\t\t\t\n<p class=\"wp-block-paragraph\">POL\u00cdTICA DE PRIVACIDAD<\/p>\n\n\n\n<p class=\"wp-block-paragraph\">Decons Agurain, S.A., Agurain Metales, S.L. y AB Cables, S.L.U. desean poner en conocimiento de los usuarios de nuestra web&nbsp;<a href=\"http:\/\/www.deconsagurain.com\">www.deconsagurain.com<\/a> (en adelante, el \u201cSitio Web\u201d) y de nuestros clientes la presente informaci\u00f3n adicional sobre protecci\u00f3n de datos (en adelante, \u201cPol\u00edtica de Privacidad\u201d), en la que proporcionamos de manera transparente toda la informaci\u00f3n sobre los tratamientos que realizamos con sus datos personales, las finalidades para las cuales los tratamos y los derechos que pueden ejercer. La presente Pol\u00edtica de Privacidad estar\u00e1 siempre disponible en el Sitio Web.<\/p>\n\n\n\n<p class=\"wp-block-paragraph\"><strong>1. \u00bfQui\u00e9n es el responsable del Tratamiento de los datos personales?<\/strong>&nbsp;<\/p>\n\n\n\n<p class=\"wp-block-paragraph\">Las compa\u00f1\u00edas responsables del tratamiento de sus datos personales son Decons Agurain, S.A., Agurain Metales, S.L. y AB Cables, S.L.U. constituidas conforme a la legislaci\u00f3n espa\u00f1ola, con domicilio social en Pol\u00edgono Industrial Agurain C\/ Ka\u00f1ueta, n\u00ba 9, 01200 Agurain (\u00c1lava), titulares de los CIF A01310861, B01558022 y B01573088 respectivamente (en adelante, \u201clos responsables\u201d).<\/p>\n\n\n\n<p class=\"wp-block-paragraph\">Si tiene alguna duda acerca de los tratamientos que realizamos de sus datos personales, puede ponerse en contacto con nosotros a trav\u00e9s del correo electr\u00f3nico:&nbsp;<a href=\"mailto:agurain@decons.fr\">agurain@decons.fr<\/a>. &nbsp;&nbsp;<\/p>\n\n\n\n<p class=\"wp-block-paragraph\"><strong>2. \u00bfQu\u00e9 es un dato de car\u00e1cter personal y un tratamiento de datos personales?<\/strong><\/p>\n\n\n\n<p class=\"wp-block-paragraph\">Un dato de car\u00e1cter personal es toda informaci\u00f3n sobre una persona f\u00edsica identificada o identificable, se considerar\u00e1 persona f\u00edsica identificable toda persona cuya identidad pueda determinarse directa o indirectamente, en particular mediante un identificador, como por ejemplo, un&nbsp; nombre, un n\u00famero de identificaci\u00f3n, datos de localizaci\u00f3n, un identificador en l\u00ednea o uno o varios elementos propios de la identidad f\u00edsica, fisiol\u00f3gica, gen\u00e9tica, ps\u00edquica, econ\u00f3mica, cultural o social de dicha persona.<\/p>\n\n\n\n<p class=\"wp-block-paragraph\">En cuanto al tratamiento, consiste en cualquier operaci\u00f3n o conjunto de operaciones realizadas sobre datos personales o conjuntos de datos personales, ya sea procedimientos automatizados o no, como la recogida, registro, organizaci\u00f3n, estructuraci\u00f3n, conservaci\u00f3n, adaptaci\u00f3n o modificaci\u00f3n, extracci\u00f3n, consulta, utilizaci\u00f3n, comunicaci\u00f3n por transmisi\u00f3n, difusi\u00f3n o cualquier otra forma de habilitaci\u00f3n de acceso, cotejo o interconexi\u00f3n, limitaci\u00f3n, supresi\u00f3n o destrucci\u00f3n.<\/p>\n\n\n\n<p class=\"wp-block-paragraph\"><strong>3. \u00bfQu\u00e9 datos personales captamos?<\/strong><\/p>\n\n\n\n<p class=\"wp-block-paragraph\">Para poder prestarle nuestros servicios a trav\u00e9s del sitio web de forma satisfactoria, captamos los siguientes datos personales.<\/p>\n\n\n\n<ul class=\"wp-block-list\"><li>Nombre y apellidos<\/li><li>Direcci\u00f3n de correo electr\u00f3nico<\/li><li>N\u00famero de tel\u00e9fono (opcional)<\/li><li>Cualquier dato personal que nos haya facilitado al ponerse en contacto con nosotros mediante el formulario de contacto disponible en el sitio web, n\u00famero de tel\u00e9fono o direcci\u00f3n de correo electr\u00f3nico.<\/li><\/ul>\n\n\n\n<p class=\"wp-block-paragraph\"><strong>4. \u00bfMediante qu\u00e9 canales captamos sus datos personales?<\/strong><\/p>\n\n\n\n<p class=\"wp-block-paragraph\">Decons Agurain, S.A., Agurain Metales, S.L. y AB Cables, S.L.U. captan sus datos personales mediante las siguientes v\u00edas:<\/p>\n\n\n\n<ul class=\"wp-block-list\"><li>Consultas remitidas mediante el formulario de contacto, n\u00famero de tel\u00e9fono o direcci\u00f3n de correo electr\u00f3nico disponibles en el sitio web.<\/li><\/ul>\n\n\n\n<p class=\"wp-block-paragraph\"><strong>5. \u00bfQu\u00e9 derechos puede ejercer?<\/strong><\/p>\n\n\n\n<ul class=\"wp-block-list\"><li>Derecho de acceso: Tiene derecho a obtener por parte de los responsables del tratamiento confirmaci\u00f3n de si se est\u00e1n tratando o no sus datos personales, y en su caso, qu\u00e9 datos trata.<\/li><li>Derecho de rectificaci\u00f3n: Tiene derecho a obtener por parte de los responsables del tratamiento, la rectificaci\u00f3n de los datos personales inexactos que le conciernan. En la solicitud de rectificaci\u00f3n deber\u00e1 indicar los datos que desea que se modifiquen.<\/li><li>Derecho de oposici\u00f3n: Tiene derecho a oponerse en cualquier momento, por motivos relacionados con su situaci\u00f3n particular, a que datos personales que le conciernan sean objeto de un tratamiento basado en el inter\u00e9s leg\u00edtimo de los responsables del tratamiento. Salvo que se acrediten motivos leg\u00edtimos imperiosos para el tratamiento&nbsp; que prevalezcan sobre sus intereses, derechos y libertades, o para la formulaci\u00f3n, el ejercicio o la defensa de reclamaciones.<\/li><li>Derecho de supresi\u00f3n: Tiene derecho a la supresi\u00f3n de los datos personales que le conciernan.<\/li><li>Derecho de portabilidad de los datos: Tiene derecho a que se le transfieran sus datos personales a otro responsable del tratamiento. Solo es posible ejercer este derecho cuando el tratamiento est\u00e9 basado en la ejecuci\u00f3n de un contrato o en su consentimiento y el tratamiento se realice por medios automatizados.<\/li><li>Derecho de limitaci\u00f3n del tratamiento: Tiene derecho a solicitarnos que suspendamos el tratamiento de sus datos cuando: impugne la exactitud de los datos, mientras verificamos dicha exactitud; haya ejercido el derecho de oposici\u00f3n al tratamiento de sus datos, mientras que se verifica si los motivos leg\u00edtimos de los responsables del tratamiento prevalecen sobre los suyos como interesado.<\/li><\/ul>\n\n\n\n<p class=\"wp-block-paragraph\">Puede ejercer sus derechos envi\u00e1ndonos su solicitud a la siguiente direcci\u00f3n: Pol\u00edgono Industrial Agurain C\/ Ka\u00f1ueta, n\u00ba 9, 01200 Agurain (\u00c1lava) o a trav\u00e9s de la direcci\u00f3n de correo electr\u00f3nico <a href=\"mailto:agurain@decons.fr\">agurain@decons.fr<\/a>. &nbsp;&nbsp;Junto a su solicitud deber\u00e1 aportar copia de su DNI o pasaporte.<\/p>\n\n\n\n<p class=\"wp-block-paragraph\">Igualmente, le informamos de que en caso de que no quede satisfecho, puede presentar una reclamaci\u00f3n ante la Agencia Espa\u00f1ola de Protecci\u00f3n de Datos (AEPD).<\/p>\n\n\n\n<p class=\"wp-block-paragraph\"><strong>6. \u00bfPara qu\u00e9 finalidades tratamos sus datos personales?<\/strong><\/p>\n\n\n\n<p class=\"wp-block-paragraph\">Trataremos sus datos personales con la finalidad de dar respuesta a las consultas que nos pueda plantear a trav\u00e9s de las v\u00edas descritas en el apartado anterior.<\/p>\n\n\n\n<p class=\"wp-block-paragraph\"><strong>7. \u00bfCu\u00e1l es la base legal que legitima el tratamiento de sus datos personales?<\/strong><\/p>\n\n\n\n<p class=\"wp-block-paragraph\">Trataremos sus datos personales sobre la base de su consentimiento expreso.<\/p>\n\n\n\n<p class=\"wp-block-paragraph\"><strong><br>8. \u00bfDurante cu\u00e1nto tiempo conservaremos sus datos personales?<\/strong><\/p>\n\n\n\n<p class=\"wp-block-paragraph\">Conservaremos sus datos personales durante el tiempo que sea estrictamente necesario para poder dar respuesta a su solicitud. En cualquier caso, los datos personales se conservar\u00e1n durante el periodo establecido legalmente.<\/p>\n\n\n\n<p class=\"wp-block-paragraph\"><strong>9. \u00bfA qui\u00e9n podemos comunicar sus datos personales?<\/strong><\/p>\n\n\n\n<p class=\"wp-block-paragraph\">Le informamos de que Decons Agurain, S.A., Agurain Metales, S.L. y AB Cables, S.L.U. no comunicar\u00e1n sus datos a terceros. En cualquier caso, es posible que se puedan comunicar sus datos a terceros, previo requerimiento legal o base que legitime la comunicaci\u00f3n:<\/p>\n\n\n\n<ul class=\"wp-block-list\"><li>Asesores legales<ul><li>Juzgados y Tribunales<\/li><\/ul><ul><li>Administraci\u00f3n Tributaria<\/li><\/ul><ul><li>Organismos de Gobierno y Administraci\u00f3n P\u00fablica<\/li><\/ul><ul><li>Encargados del Tratamiento estrictamente necesarios para prestar los servicios solicitados.<\/li><\/ul><\/li><\/ul>\n\n\n\n<p class=\"wp-block-paragraph\">Igualmente, si nosotros o sustancialmente todos nuestros activos son adquiridos por un tercero, en cuyo caso, los datos personales de los usuarios ser\u00e1n uno de los activos transferidos. En cualquier caso, el usuario ser\u00e1 previamente informado.<\/p>\n\n\n\n<p class=\"wp-block-paragraph\"><strong>10. Cambios en la presente pol\u00edtica de privacidad<\/strong><\/p>\n\n\n\n<p class=\"wp-block-paragraph\">La presente Pol\u00edtica de Privacidad podr\u00e1 verse alterada debido a las posibles actualizaciones normativas o directrices que la AEPD pueda presentar en cada momento.<\/p>\n\n\n\n<p class=\"wp-block-paragraph\">Decons Agurain, S.A., Agurain Metales, S.L. y AB Cables, S.L.U. se reservan por tanto el derecho a modificar la presente Pol\u00edtica de Privacidad para poder adaptarla a los criterios se\u00f1alados anteriormente.<\/p>\n\t\t\t\t\t\t\t\t<\/div>\n\t\t\t\t<\/div>\n\t\t\t\t\t<\/div>\n\t\t<\/div>\n\t\t\t\t\t<\/div>\n\t\t<\/section>\n\t\t\t\t<section class=\"elementor-section elementor-top-section elementor-element elementor-element-3e95108 elementor-section-boxed elementor-section-height-default elementor-section-height-default\" data-id=\"3e95108\" data-element_type=\"section\" data-e-type=\"section\">\n\t\t\t\t\t\t<div class=\"elementor-container elementor-column-gap-default\">\n\t\t\t\t\t<div class=\"elementor-column elementor-col-100 elementor-top-column elementor-element elementor-element-ce7d2e9\" data-id=\"ce7d2e9\" data-element_type=\"column\" data-e-type=\"column\">\n\t\t\t<div class=\"elementor-widget-wrap elementor-element-populated\">\n\t\t\t\t\t\t<div class=\"elementor-element elementor-element-c98566f elementor-widget elementor-widget-image\" data-id=\"c98566f\" data-element_type=\"widget\" data-e-type=\"widget\" data-widget_type=\"image.default\">\n\t\t\t\t<div class=\"elementor-widget-container\">\n\t\t\t\t\t\t\t\t\t\t\t\t\t\t\t<img decoding=\"async\" width=\"150\" height=\"150\" src=\"https:\/\/deconsagurain.com\/wp-content\/uploads\/2020\/09\/cropped-cropped-logos-decons-agurain-1-1-1-150x150.png\" class=\"attachment-thumbnail size-thumbnail wp-image-1001\" alt=\"\" srcset=\"https:\/\/deconsagurain.com\/wp-content\/uploads\/2020\/09\/cropped-cropped-logos-decons-agurain-1-1-1-150x150.png 150w, https:\/\/deconsagurain.com\/wp-content\/uploads\/2020\/09\/cropped-cropped-logos-decons-agurain-1-1-1-300x300.png 300w, https:\/\/deconsagurain.com\/wp-content\/uploads\/2020\/09\/cropped-cropped-logos-decons-agurain-1-1-1-1024x1024.png 1024w, https:\/\/deconsagurain.com\/wp-content\/uploads\/2020\/09\/cropped-cropped-logos-decons-agurain-1-1-1-768x768.png 768w, https:\/\/deconsagurain.com\/wp-content\/uploads\/2020\/09\/cropped-cropped-logos-decons-agurain-1-1-1-1536x1536.png 1536w, https:\/\/deconsagurain.com\/wp-content\/uploads\/2020\/09\/cropped-cropped-logos-decons-agurain-1-1-1-2048x2048.png 2048w\" sizes=\"(max-width: 150px) 100vw, 150px\" \/>\t\t\t\t\t\t\t\t\t\t\t\t\t\t\t<\/div>\n\t\t\t\t<\/div>\n\t\t\t\t\t<\/div>\n\t\t<\/div>\n\t\t\t\t\t<\/div>\n\t\t<\/section>\n\t\t\t\t<\/div>\n\t\t","protected":false},"excerpt":{"rendered":"<p>POL\u00cdTICA DE PRIVACIDAD Decons Agurain, S.A., Agurain Metales, S.L. y AB Cables, S.L.U. desean poner en conocimiento de los usuarios de nuestra web&nbsp;www.deconsagurain.com (en adelante, el \u201cSitio Web\u201d) y de nuestros clientes la presente informaci\u00f3n adicional sobre protecci\u00f3n de datos (en adelante, \u201cPol\u00edtica de Privacidad\u201d), en la que proporcionamos de manera transparente toda la informaci\u00f3n [&hellip;]<\/p>\n","protected":false},"author":1,"featured_media":0,"parent":0,"menu_order":0,"comment_status":"closed","ping_status":"closed","template":"","meta":{"_eb_attr":"","footnotes":""},"class_list":["post-279","page","type-page","status-publish","hentry"],"_links":{"self":[{"href":"https:\/\/deconsagurain.com\/index.php?rest_route=\/wp\/v2\/pages\/279","targetHints":{"allow":["GET"]}}],"collection":[{"href":"https:\/\/deconsagurain.com\/index.php?rest_route=\/wp\/v2\/pages"}],"about":[{"href":"https:\/\/deconsagurain.com\/index.php?rest_route=\/wp\/v2\/types\/page"}],"author":[{"embeddable":true,"href":"https:\/\/deconsagurain.com\/index.php?rest_route=\/wp\/v2\/users\/1"}],"replies":[{"embeddable":true,"href":"https:\/\/deconsagurain.com\/index.php?rest_route=%2Fwp%2Fv2%2Fcomments&post=279"}],"version-history":[{"count":8,"href":"https:\/\/deconsagurain.com\/index.php?rest_route=\/wp\/v2\/pages\/279\/revisions"}],"predecessor-version":[{"id":1184,"href":"https:\/\/deconsagurain.com\/index.php?rest_route=\/wp\/v2\/pages\/279\/revisions\/1184"}],"wp:attachment":[{"href":"https:\/\/deconsagurain.com\/index.php?rest_route=%2Fwp%2Fv2%2Fmedia&parent=279"}],"curies":[{"name":"wp","href":"https:\/\/api.w.org\/{rel}","templated":true}]}}

Política de privacidad

<div data-elementor-type="wp-page" data-elementor-id="279" class="elementor elementor-279">
						<section class="elementor-section elementor-top-section elementor-element elementor-element-1c478ae3 elementor-section-boxed elementor-section-height-default elementor-section-height-default" data-id="1c478ae3" data-element_type="section" data-e-type="section">
						<div class="elementor-container elementor-column-gap-default">
					<div class="elementor-column elementor-col-100 elementor-top-column elementor-element elementor-element-59a5614a" data-id="59a5614a" data-element_type="column" data-e-type="column">
			<div class="elementor-widget-wrap elementor-element-populated">
						<div class="elementor-element elementor-element-14d1b9e elementor-widget elementor-widget-text-editor" data-id="14d1b9e" data-element_type="widget" data-e-type="widget" data-widget_type="text-editor.default">
				<div class="elementor-widget-container">
									
<p class="wp-block-paragraph">POLÍTICA DE PRIVACIDAD</p>



<p class="wp-block-paragraph">Decons Agurain, S.A., Agurain Metales, S.L. y AB Cables, S.L.U. desean poner en conocimiento de los usuarios de nuestra web&nbsp;<a href="http://www.deconsagurain.com">www.deconsagurain.com</a> (en adelante, el “Sitio Web”) y de nuestros clientes la presente información adicional sobre protección de datos (en adelante, “Política de Privacidad”), en la que proporcionamos de manera transparente toda la información sobre los tratamientos que realizamos con sus datos personales, las finalidades para las cuales los tratamos y los derechos que pueden ejercer. La presente Política de Privacidad estará siempre disponible en el Sitio Web.</p>



<p class="wp-block-paragraph"><strong>1. ¿Quién es el responsable del Tratamiento de los datos personales?</strong>&nbsp;</p>



<p class="wp-block-paragraph">Las compañías responsables del tratamiento de sus datos personales son Decons Agurain, S.A., Agurain Metales, S.L. y AB Cables, S.L.U. constituidas conforme a la legislación española, con domicilio social en Polígono Industrial Agurain C/ Kañueta, nº 9, 01200 Agurain (Álava), titulares de los CIF A01310861, B01558022 y B01573088 respectivamente (en adelante, “los responsables”).</p>



<p class="wp-block-paragraph">Si tiene alguna duda acerca de los tratamientos que realizamos de sus datos personales, puede ponerse en contacto con nosotros a través del correo electrónico:&nbsp;<a href="mailto:agurain@decons.fr">agurain@decons.fr</a>. &nbsp;&nbsp;</p>



<p class="wp-block-paragraph"><strong>2. ¿Qué es un dato de carácter personal y un tratamiento de datos personales?</strong></p>



<p class="wp-block-paragraph">Un dato de carácter personal es toda información sobre una persona física identificada o identificable, se considerará persona física identificable toda persona cuya identidad pueda determinarse directa o indirectamente, en particular mediante un identificador, como por ejemplo, un&nbsp; nombre, un número de identificación, datos de localización, un identificador en línea o uno o varios elementos propios de la identidad física, fisiológica, genética, psíquica, económica, cultural o social de dicha persona.</p>



<p class="wp-block-paragraph">En cuanto al tratamiento, consiste en cualquier operación o conjunto de operaciones realizadas sobre datos personales o conjuntos de datos personales, ya sea procedimientos automatizados o no, como la recogida, registro, organización, estructuración, conservación, adaptación o modificación, extracción, consulta, utilización, comunicación por transmisión, difusión o cualquier otra forma de habilitación de acceso, cotejo o interconexión, limitación, supresión o destrucción.</p>



<p class="wp-block-paragraph"><strong>3. ¿Qué datos personales captamos?</strong></p>



<p class="wp-block-paragraph">Para poder prestarle nuestros servicios a través del sitio web de forma satisfactoria, captamos los siguientes datos personales.</p>



<ul class="wp-block-list"><li>Nombre y apellidos</li><li>Dirección de correo electrónico</li><li>Número de teléfono (opcional)</li><li>Cualquier dato personal que nos haya facilitado al ponerse en contacto con nosotros mediante el formulario de contacto disponible en el sitio web, número de teléfono o dirección de correo electrónico.</li></ul>



<p class="wp-block-paragraph"><strong>4. ¿Mediante qué canales captamos sus datos personales?</strong></p>



<p class="wp-block-paragraph">Decons Agurain, S.A., Agurain Metales, S.L. y AB Cables, S.L.U. captan sus datos personales mediante las siguientes vías:</p>



<ul class="wp-block-list"><li>Consultas remitidas mediante el formulario de contacto, número de teléfono o dirección de correo electrónico disponibles en el sitio web.</li></ul>



<p class="wp-block-paragraph"><strong>5. ¿Qué derechos puede ejercer?</strong></p>



<ul class="wp-block-list"><li>Derecho de acceso: Tiene derecho a obtener por parte de los responsables del tratamiento confirmación de si se están tratando o no sus datos personales, y en su caso, qué datos trata.</li><li>Derecho de rectificación: Tiene derecho a obtener por parte de los responsables del tratamiento, la rectificación de los datos personales inexactos que le conciernan. En la solicitud de rectificación deberá indicar los datos que desea que se modifiquen.</li><li>Derecho de oposición: Tiene derecho a oponerse en cualquier momento, por motivos relacionados con su situación particular, a que datos personales que le conciernan sean objeto de un tratamiento basado en el interés legítimo de los responsables del tratamiento. Salvo que se acrediten motivos legítimos imperiosos para el tratamiento&nbsp; que prevalezcan sobre sus intereses, derechos y libertades, o para la formulación, el ejercicio o la defensa de reclamaciones.</li><li>Derecho de supresión: Tiene derecho a la supresión de los datos personales que le conciernan.</li><li>Derecho de portabilidad de los datos: Tiene derecho a que se le transfieran sus datos personales a otro responsable del tratamiento. Solo es posible ejercer este derecho cuando el tratamiento esté basado en la ejecución de un contrato o en su consentimiento y el tratamiento se realice por medios automatizados.</li><li>Derecho de limitación del tratamiento: Tiene derecho a solicitarnos que suspendamos el tratamiento de sus datos cuando: impugne la exactitud de los datos, mientras verificamos dicha exactitud; haya ejercido el derecho de oposición al tratamiento de sus datos, mientras que se verifica si los motivos legítimos de los responsables del tratamiento prevalecen sobre los suyos como interesado.</li></ul>



<p class="wp-block-paragraph">Puede ejercer sus derechos enviándonos su solicitud a la siguiente dirección: Polígono Industrial Agurain C/ Kañueta, nº 9, 01200 Agurain (Álava) o a través de la dirección de correo electrónico <a href="mailto:agurain@decons.fr">agurain@decons.fr</a>. &nbsp;&nbsp;Junto a su solicitud deberá aportar copia de su DNI o pasaporte.</p>



<p class="wp-block-paragraph">Igualmente, le informamos de que en caso de que no quede satisfecho, puede presentar una reclamación ante la Agencia Española de Protección de Datos (AEPD).</p>



<p class="wp-block-paragraph"><strong>6. ¿Para qué finalidades tratamos sus datos personales?</strong></p>



<p class="wp-block-paragraph">Trataremos sus datos personales con la finalidad de dar respuesta a las consultas que nos pueda plantear a través de las vías descritas en el apartado anterior.</p>



<p class="wp-block-paragraph"><strong>7. ¿Cuál es la base legal que legitima el tratamiento de sus datos personales?</strong></p>



<p class="wp-block-paragraph">Trataremos sus datos personales sobre la base de su consentimiento expreso.</p>



<p class="wp-block-paragraph"><strong><br>8. ¿Durante cuánto tiempo conservaremos sus datos personales?</strong></p>



<p class="wp-block-paragraph">Conservaremos sus datos personales durante el tiempo que sea estrictamente necesario para poder dar respuesta a su solicitud. En cualquier caso, los datos personales se conservarán durante el periodo establecido legalmente.</p>



<p class="wp-block-paragraph"><strong>9. ¿A quién podemos comunicar sus datos personales?</strong></p>



<p class="wp-block-paragraph">Le informamos de que Decons Agurain, S.A., Agurain Metales, S.L. y AB Cables, S.L.U. no comunicarán sus datos a terceros. En cualquier caso, es posible que se puedan comunicar sus datos a terceros, previo requerimiento legal o base que legitime la comunicación:</p>



<ul class="wp-block-list"><li>Asesores legales<ul><li>Juzgados y Tribunales</li></ul><ul><li>Administración Tributaria</li></ul><ul><li>Organismos de Gobierno y Administración Pública</li></ul><ul><li>Encargados del Tratamiento estrictamente necesarios para prestar los servicios solicitados.</li></ul></li></ul>



<p class="wp-block-paragraph">Igualmente, si nosotros o sustancialmente todos nuestros activos son adquiridos por un tercero, en cuyo caso, los datos personales de los usuarios serán uno de los activos transferidos. En cualquier caso, el usuario será previamente informado.</p>



<p class="wp-block-paragraph"><strong>10. Cambios en la presente política de privacidad</strong></p>



<p class="wp-block-paragraph">La presente Política de Privacidad podrá verse alterada debido a las posibles actualizaciones normativas o directrices que la AEPD pueda presentar en cada momento.</p>



<p class="wp-block-paragraph">Decons Agurain, S.A., Agurain Metales, S.L. y AB Cables, S.L.U. se reservan por tanto el derecho a modificar la presente Política de Privacidad para poder adaptarla a los criterios señalados anteriormente.</p>
								</div>
				</div>
					</div>
		</div>
					</div>
		</section>
				<section class="elementor-section elementor-top-section elementor-element elementor-element-3e95108 elementor-section-boxed elementor-section-height-default elementor-section-height-default" data-id="3e95108" data-element_type="section" data-e-type="section">
						<div class="elementor-container elementor-column-gap-default">
					<div class="elementor-column elementor-col-100 elementor-top-column elementor-element elementor-element-ce7d2e9" data-id="ce7d2e9" data-element_type="column" data-e-type="column">
			<div class="elementor-widget-wrap elementor-element-populated">
						<div class="elementor-element elementor-element-c98566f elementor-widget elementor-widget-image" data-id="c98566f" data-element_type="widget" data-e-type="widget" data-widget_type="image.default">
				<div class="elementor-widget-container">
															<img decoding="async" width="150" height="150" src="https://deconsagurain.com/wp-content/uploads/2020/09/cropped-cropped-logos-decons-agurain-1-1-1-150x150.png" class="attachment-thumbnail size-thumbnail wp-image-1001" alt="" srcset="https://deconsagurain.com/wp-content/uploads/2020/09/cropped-cropped-logos-decons-agurain-1-1-1-150x150.png 150w, https://deconsagurain.com/wp-content/uploads/2020/09/cropped-cropped-logos-decons-agurain-1-1-1-300x300.png 300w, https://deconsagurain.com/wp-content/uploads/2020/09/cropped-cropped-logos-decons-agurain-1-1-1-1024x1024.png 1024w, https://deconsagurain.com/wp-content/uploads/2020/09/cropped-cropped-logos-decons-agurain-1-1-1-768x768.png 768w, https://deconsagurain.com/wp-content/uploads/2020/09/cropped-cropped-logos-decons-agurain-1-1-1-1536x1536.png 1536w, https://deconsagurain.com/wp-content/uploads/2020/09/cropped-cropped-logos-decons-agurain-1-1-1-2048x2048.png 2048w" sizes="(max-width: 150px) 100vw, 150px" />															</div>
				</div>
					</div>
		</div>
					</div>
		</section>
				</div>

<p>POLÍTICA DE PRIVACIDAD Decons Agurain, S.A., Agurain Metales, S.L. y AB Cables, S.L.U. desean poner en conocimiento de los usuarios de nuestra web&nbsp;www.deconsagurain.com (en adelante, el “Sitio Web”) y de nuestros clientes la presente información adicional sobre protección de datos (en adelante, “Política de Privacidad”), en la que proporcionamos de manera transparente toda la información [&hellip;]</p>
